30 (base 10) to base 9
33
What is 374 (base 15) in base 14?
400
What is -1111000 (base 2) in base 9?
-143
What is 210133 (base 4) in base 12?
1427
What is -a7 (base 14) in base 7?
-300
-23144 (base 6) to base 14
-12c0
What is -3545 (base 7) in base 3?
-1210102
-21001 (base 4) to base 2
-1001000001
What is 354 (base 7) in base 2?
10111010
10300 (base 4) to base 8
460
What is 110011001 (base 2) in base 8?
631
100221122 (base 3) to base 5
213003
Convert 52062 (base 7) to base 10.
12735
What is -107 (base 8) in base 16?
-47
What is -65b6 (base 16) in base 8?
-62666
What is -316 (base 14) in base 10?
-608
What is 65c9 (base 14) in base 9?
26148
6460 (base 8) to base 3
11122001
-1353 (base 6) to base 11
-2a5
Convert 349 (base 10) to base 16.
15d
Convert 1200 (base 4) to base 14.
6c
Convert -36 (base 16) to base 3.
-2000
Convert -471 (base 12) to base 6.
-3021
Convert 279b (base 13) to base 14.
2117
Convert -1f90 (base 16) to base 5.
-224310
What is -163 (base 8) in base 11?
-a5
1b07 (base 12) to base 14
12d1
Convert 11886 (base 14) to base 4.
22131132
-13c (base 16) to base 7
-631
What is -10331132 (base 4) in base 5?
-1122233
What is 21110210 (base 3) in base 4?
1111020
What is -2102112 (base 3) in base 9?
-2375
Convert -303334 (base 5) to base 7.
-40462
635 (base 15) to base 16
578
-101101100 (base 2) to base 5
-2424
Convert 3728 (base 12) to base 13.
2aaa
What is -4879 (base 16) in base 13?
-85a2
Convert 13212203 (base 4) to base 2.
111100110100011
4c3 (base 15) to base 13
654
38335 (base 9) to base 4
12102332
What is 6bd (base 15) in base 2?
10111111000
What is -32030211 (base 4) in base 6?
-1125113
What is 12342 (base 12) in base 14?
8dc6
What is 314a (base 11) in base 3?
12201101
Convert -ab (base 16) to base 15.
-b6
10100121 (base 3) to base 14
c6a
What is -979 (base 10) in base 9?
-1307
Convert -2210031 (base 5) to base 13.
-1448c
What is -459 (base 12) in base 16?
-285
What is -21142 (base 9) in base 11?
-a550
Convert 9109 (base 10) to base 11.
6931
What is 1352040 (base 6) in base 2?
10010110001111000
3046 (base 9) to base 16
8b5
Convert -9c0a (base 14) to base 4.
-12212302
-10111011 (base 3) to base 10
-2542
Convert -516 (base 15) to base 6.
-5150
Convert 2b5 (base 16) to base 8.
1265
-400 (base 13) to base 4
-22210
What is 2001 (base 7) in base 9?
843
What is -1934 (base 11) in base 14?
-c77
Convert 784 (base 12) to base 14.
592
Convert 208b (base 12) to base 15.
10c8
Convert -17481 (base 9) to base 6.
-131501
What is -12124 (base 5) in base 8?
-1622
Convert 50 (base 16) to base 15.
55
-1d7 (base 15) to base 13
-26b
Convert 110020 (base 3) to base 11.
280
Convert -42533 (base 6) to base 15.
-1acc
What is -1c7 (base 13) in base 12?
-238
476 (base 12) to base 2
1010011010
Convert 800 (base 14) to base 3.
2011002
What is 130 (base 10) in base 13?
a0
-8402 (base 10) to base 13
-3a94
Convert 1100020 (base 3) to base 7.
2565
What is 417 (base 9) in base 14?
1a4
Convert 20101 (base 5) to base 2.
10011111100
Convert -3322331 (base 4) to base 16.
-3ebd
What is -103 (base 9) in base 4?
-1110
What is 2715 (base 8) in base 13?
8a3
227c (base 15) to base 16
1c95
2c4b (base 14) to base 11
5a39
-196b (base 13) to base 15
-11dc
Convert -354 (base 9) to base 2.
-100100100
Convert 544 (base 13) to base 9.
1211
What is 2ba (base 13) in base 8?
753
Convert -342 (base 10) to base 2.
-101010110
Convert -75064 (base 8) to base 16.
-7a34
Convert -116460 (base 8) to base 15.
-bdca
Convert bf6c (base 16) to base 9.
74188
What is -9b26 (base 12) in base 9?
-25483
-557 (base 11) to base 13
-3c4
83 (base 13) to base 9
128
Convert -403 (base 12) to base 8.
-1103
Convert -13a (base 14) to base 5.
-1443
Convert -1c4 (base 14) to base 10.
-368
-2884 (base 9) to base 4
-202012
What is c (base 16) in base 10?
12
-43125 (base 6) to base 11
-4470
What is -3266 (base 16) in base 15?
-3c52
What is -1321022 (base 5) in base 4?
-12130103
80 (base 13) to base 7
206
What is 22444 (base 6) in base 16?
c7c
-1000101100001001 (base 2) to base 10
-35593
Convert 1523 (base 8) to base 4.
31103
-112022 (base 3) to base 11
-321
What is -434 (base 6) in base 10?
-166
What is -11111011011 (base 2) in base 5?
-31021
-1020220 (base 3) to base 11
-762
-8214 (base 14) to base 13
-a242
3a88 (base 12) to base 6
51052
-10b0 (base 13) to base 8
-4444
102022 (base 3) to base 12
215
What is 23309 (base 11) in base 16?
836f
What is 1230 (base 4) in base 11?
99
What is 480 (base 10) in base 5?
3410
Convert -7be (base 15) to base 2.
-11011011010
Convert 223200 (base 4) to base 16.
ae0
What is 2513 (base 6) in base 8?
1155
What is -3223 (base 6) in base 15?
-340
Convert -2344 (base 5) to base 14.
-1ad
What is -3401 (base 5) in base 12?
-338
Convert -195b (base 12) to base 14.
-11b1
What is -2212221 (base 3) in base 13?
-c5b
What is 12930 (base 12) in base 2?
110001110110100
Convert -284 (base 13) to base 5.
-3241
598 (base 16) to base 10
1432
Convert -13332 (base 4) to base 8.
-776
Convert -2b6 (base 12) to base 11.
-358
-20 (base 5) to base 3
-101
What is -2441234 (base 5) in base 13?
-181a8
Convert -430111 (base 6) to base 10.
-35035
200011 (base 3) to base 15
22a
Convert 2275 (base 8) to base 6.
5341
44113 (base 5) to base 12
1909
What is 1248 (base 9) in base 7?
2504
Convert 101000011 (base 2) to base 4.
11003
What is -2201202211 (base 3) in base 15?
-10e04
Convert -914 (base 10) to base 7.
-2444
Convert -1031103 (base 4) to base 2.
-1001101010011
1230 (base 4) to base 15
73
-261 (base 16) to base 5
-4414
What is 277 (base 8) in base 7?
362
3b7 (base 12) to base 7
1444
What is 112220 (base 3) in base 12?
296
What is -7144 (base 11) in base 3?
-111000100
What is 350041 (base 6) in base 12?
15321
Convert -4384 (base 12) to base 16.
-1d14
25 (base 13) to base 8
37
-1145 (base 14) to base 11
-2289
What is 5233 (base 7) in base 12?
1091
Convert 1d8 (base 14) to base 5.
3021
What is 378 (base 11) in base 10?
448
What is 25254 (base 6) in base 13?
1948
-155d (base 14) to base 12
-2253
37224 (base 10) to base 12
19660
What is 103330 (base 5) in base 15?
10e5
What is -2428 (base 11) in base 16?
-c68
4442 (base 5) to base 14
326
-1411 (base 10) to base 2
-10110000011
What is 11012020 (base 3) in base 7?
11625
Convert 277 (base 8) to base 13.
119
2031 (base 4) to base 8
215
-33344 (base 8) to base 11
-a615
c81 (base 15) to base 5
42241
What is -188 (base 15) in base 14?
-1b3
Convert 5023 (base 6) to base 10.
1095
What is 22100021 (base 3) in base 9?
8307
Convert -1861 (base 11) to base 7.
-6620
Convert 111001000101001 (base 2) to base 4.
13020221
What is 23073 (base 8) in base 13?
45bb
What is 70739 (base 10) in base 16?
11453
-57011 (base 8) to base 6
-303241
What is 14f5 (base 16) in base 5?
132430
What is -6691 (base 15) in base 11?
-15370
What is -651 (base 8) in base 16?
-1a9
121112 (base 3) to base 2
110111110
What is 220201022 (base 3) in base 9?
26638
What is 13e4 (base 16) in base 9?
6877
-202003 (base 4) to base 10
-2179
2288 (base 13) to base 12
2978
What is -14a9 (base 13) in base 16?
-bc4
Convert 4055 (base 6) to base 3.
1020022
What is -e06a (base 15) in base 12?
-2349a
-223c7 (base 13) to base 5
-3442221
-30204 (base 8) to base 3
-122001000
18134 (base 9) to base 2
11000011011001
What is 40d8 (base 14) in base 6?
123410
Convert 14e4 (base 16) to base 2.
1010011100100
What is 10101100100 (base 2) in base 5?
21010
Convert 1011222 (base 4) to base 10.
4458
Convert 11330322 (base 4) to base 3.
1020102220
22112200 (base 3) to base 11
4752
What is -23112 (base 6) in base 14?
-12a8
1113 (base 10) to base 9
1466
What is 169 (base 16) in base 10?
361
-653 (base 8) to base 2
-110101011
-119 (base 15) to base 11
-207
Convert -10117 (base 9) to base 2.
-1101000000010
What is -192b (base 15) in base 10?
-5441
20003 (base 4) to base 5
4030
What is 546 (base 12) in base 4?
30012
-60612 (base 7) to base 16
-3975
Convert 273 (base 14) to base 9.
607
What is 625 (base 10) in base 2?
1001110001
What is 3203 (base 4) in base 14?
123
Convert 12002212 (base 3) to base 4.
322022
What is 1504 (base 8) in base 16?
344
What is 1b5 (base 14) in base 6?
1351
Convert -1247 (base 12) to base 2.
-100000010111
Convert -2432 (base 8) to base 9.
-1711
1a3f (base 16) to base 7
25406
What is -34280 (base 9) in base 6?
-253413
